{"id":3251,"date":"2021-06-10T20:01:42","date_gmt":"2021-06-10T23:01:42","guid":{"rendered":"https:\/\/ranchoorganico.com.br\/site\/?page_id=3251"},"modified":"2021-11-01T18:38:59","modified_gmt":"2021-11-01T21:38:59","slug":"deliciosas-sopas-com-ingredientes-organicos","status":"publish","type":"page","link":"https:\/\/ranchoorganico.com.br\/site\/deliciosas-sopas-com-ingredientes-organicos\/","title":{"rendered":"Quer aprender a fazer deliciosas sopas com ingredientes org\u00e2nicos neste inverno?"},"content":{"rendered":"<p><!--vcv no format--><\/p>\n<div class=\"vce-row-container\">\n<div class=\"vce-row vce-element--has-background vce-row--col-gap-30 vce-row-wrap--reverse vce-row-equal-height vce-row-content--top\" data-vce-full-width=\"true\" id=\"el-b84716b4\" data-vce-do-apply=\"all el-b84716b4\">\n<div class=\"vce-content-background-container\"><\/div>\n<div class=\"vce-row-content\" data-vce-element-content=\"true\">\n<div class=\"vce-col vce-col--md-auto vce-col--xs-1 vce-col--xs-last vce-col--xs-first vce-col--sm-last vce-col--sm-first vce-col--md-first vce-col--lg-first vce-col--xl-first\" id=\"el-b5fbb233\">\n<div class=\"vce-col-inner\" data-vce-do-apply=\"border margin background  el-b5fbb233\">\n<div class=\"vce-content-background-container\"><\/div>\n<div class=\"vce-col-content\" data-vce-element-content=\"true\" data-vce-do-apply=\"padding el-b5fbb233\">\n<div class=\"vce-text-block\">\n<div class=\"vce-text-block-wrapper vce\" id=\"el-050ea952\" data-vce-do-apply=\"all el-050ea952\">\n<h3 class=\"p1\" style=\"line-height: 1;\"><span style=\"color: #ffffff; font-family: PT Sans;\"><span style=\"font-size: 56px;\"><strong><span style=\"font-size: 36pt;\">Quer aprender a fazer deliciosas sopas com ingredientes org\u00e2nicos neste inverno?<\/span>&nbsp;<\/strong><\/span><\/span><\/h3>\n<p>&nbsp;<\/p>\n<p style=\"line-height: 1.5;\"><span style=\"color: #ffffff; font-family: 'PT Sans'; font-size: 16pt;\">Preencha o seu cadastro e realize agora o download do seu Ebook gratuitamente!<\/span><\/p>\n<\/div>\n<\/div>\n<div class=\"vce-text-block\">\n<div class=\"vce-text-block-wrapper vce\" id=\"el-caae5549\" data-vce-do-apply=\"all el-caae5549\">\n<div class=\"wpcf7 no-js\" id=\"wpcf7-f3287-o1\" lang=\"pt-BR\" dir=\"ltr\" data-wpcf7-id=\"3287\">\n<div class=\"screen-reader-response\"><p role=\"status\" aria-live=\"polite\" aria-atomic=\"true\"><\/p> <ul><\/ul><\/div>\n<form action=\"\/site\/wp-json\/wp\/v2\/pages\/3251#wpcf7-f3287-o1\" method=\"post\" class=\"wpcf7-form init\" aria-label=\"Formul\u00e1rios de contato\" novalidate=\"novalidate\" data-status=\"init\">\n<div style=\"display: none;\">\n<input type=\"hidden\" name=\"_wpcf7\" value=\"3287\" \/>\n<input type=\"hidden\" name=\"_wpcf7_version\" value=\"6.0.6\" \/>\n<input type=\"hidden\" name=\"_wpcf7_locale\" value=\"pt_BR\" \/>\n<input type=\"hidden\" name=\"_wpcf7_unit_tag\" value=\"wpcf7-f3287-o1\" \/>\n<input type=\"hidden\" name=\"_wpcf7_container_post\" value=\"0\" \/>\n<input type=\"hidden\" name=\"_wpcf7_posted_data_hash\" value=\"\" \/>\n<\/div>\n<div class=\"container-fluid p-0\">\n\t<div class=\"row\">\n\t\t<div class=\"col-sm-12 col-md-12 mb-25\">\n\t\t\t<p><span class=\"wpcf7-form-control-wrap\" data-name=\"your-name\"><input size=\"40\" maxlength=\"400\" class=\"wpcf7-form-control wpcf7-text wpcf7-validates-as-required\" aria-required=\"true\" aria-invalid=\"false\" placeholder=\"Digite seu nome *\" value=\"\" type=\"text\" name=\"your-name\" \/><\/span>\n\t\t\t<\/p>\n\t\t<\/div>\n\t\t<div class=\"col-sm-12 col-md-7 mb-25\">\n\t\t\t<p><span class=\"wpcf7-form-control-wrap\" data-name=\"your-email\"><input size=\"40\" maxlength=\"400\" class=\"wpcf7-form-control wpcf7-email wpcf7-validates-as-required wpcf7-text wpcf7-validates-as-email\" aria-required=\"true\" aria-invalid=\"false\" placeholder=\"Digite seu e-mail *\" value=\"\" type=\"email\" name=\"your-email\" \/><\/span>\n\t\t\t<\/p>\n\t\t<\/div>\n\t\t<div class=\"col-sm-12 col-md-5 mb-25\">\n\t\t\t<p><span class=\"wpcf7-form-control-wrap\" data-name=\"your-tel\"><input size=\"40\" maxlength=\"400\" class=\"wpcf7-form-control wpcf7-tel wpcf7-validates-as-required wpcf7-text wpcf7-validates-as-tel\" aria-required=\"true\" aria-invalid=\"false\" placeholder=\"Digite seu celular *\" value=\"\" type=\"tel\" name=\"your-tel\" \/><\/span>\n\t\t\t<\/p>\n\t\t<\/div>\n\t\t<div class=\"col-sm-12\">\n\t\t\t<p><input class=\"wpcf7-form-control wpcf7-submit has-spinner\" type=\"submit\" value=\"Enviar\" \/>\n\t\t\t<\/p>\n\t\t<\/div>\n\t<\/div>\n<\/div><div class=\"wpcf7-response-output\" aria-hidden=\"true\"><\/div>\n<\/form>\n<\/div>\n<\/div>\n<\/div>\n<\/div>\n<\/div>\n<\/div>\n<div class=\"vce-col vce-col--md-auto vce-col--xs-1 vce-col--xs-last vce-col--xs-first vce-col--sm-last vce-col--sm-first vce-col--md-last vce-col--lg-last vce-col--xl-last\" id=\"el-97f91282\">\n<div class=\"vce-col-inner\" data-vce-do-apply=\"border margin background  el-97f91282\">\n<div class=\"vce-col-content\" data-vce-element-content=\"true\" data-vce-do-apply=\"padding el-97f91282\">\n<div class=\"vce-single-image-container vce-single-image--align-center\">\n<div class=\"vce vce-single-image-wrapper\" id=\"el-62eaa969\" data-vce-do-apply=\"all el-62eaa969\">\n<figure>\n<div class=\"vce-single-image-inner vce-single-image--absolute vce-single-image--border-rounded\" style=\"padding-bottom: 153.385%; width: 384px;\"><img loading=\"lazy\" decoding=\"async\" class=\"vce-single-image vcv-lozad\" data-src=\"|!|vcvUploadUrl|!|\/2021\/06\/EBOOKSopasdeinverno.jpg\" width=\"384\" height=\"589\" src=\"\" data-img-src=\"|!|vcvUploadUrl|!|\/2021\/06\/EBOOKSopasdeinverno.jpg\" alt=\"\" title=\"EBOOKSopasdeinverno\" \/><noscript><br \/>\n        <img loading=\"lazy\" decoding=\"async\" class=\"vce-single-image\" src=\"|!|vcvUploadUrl|!|\/2021\/06\/EBOOKSopasdeinverno.jpg\" width=\"384\" height=\"589\" alt=\"\" title=\"EBOOKSopasdeinverno\" \/><br \/>\n      <\/noscript><\/div><figcaption hidden=\"\"><\/figcaption><\/figure>\n<\/div>\n<\/div>\n<\/div>\n<\/div>\n<\/div>\n<\/div>\n<\/div>\n<\/div>\n<p><!--vcv no format--><\/p>\n","protected":false},"excerpt":{"rendered":"<p>Quer aprender a fazer deliciosas sopas com ingredientes org\u00e2nicos neste inverno?&nbsp; &nbsp; Preencha o seu cadastro e realize agora o download do seu Ebook gratuitamente!<\/p>\n","protected":false},"author":1,"featured_media":3279,"parent":0,"menu_order":0,"comment_status":"closed","ping_status":"closed","template":"","meta":{"footnotes":""},"class_list":["post-3251","page","type-page","status-publish","has-post-thumbnail","hentry"],"yoast_head":"<!-- This site is optimized with the Yoast SEO plugin v27.2 - https:\/\/yoast.com\/product\/yoast-seo-wordpress\/ -->\n<title>Quer aprender a fazer deliciosas sopas com ingredientes org\u00e2nicos neste inverno? - Rancho Org\u00e2nico<\/title>\n<meta name=\"robots\" content=\"index, follow, max-snippet:-1, max-image-preview:large, max-video-preview:-1\" \/>\n<link rel=\"canonical\" href=\"https:\/\/ranchoorganico.com.br\/site\/deliciosas-sopas-com-ingredientes-organicos\/\" \/>\n<meta property=\"og:locale\" content=\"pt_BR\" \/>\n<meta property=\"og:type\" content=\"article\" \/>\n<meta property=\"og:title\" content=\"Quer aprender a fazer deliciosas sopas com ingredientes org\u00e2nicos neste inverno? - Rancho Org\u00e2nico\" \/>\n<meta property=\"og:description\" content=\"Quer aprender a fazer deliciosas sopas com ingredientes org\u00e2nicos neste inverno?&nbsp; &nbsp; Preencha o seu cadastro e realize agora o download do seu Ebook gratuitamente!\" \/>\n<meta property=\"og:url\" content=\"https:\/\/ranchoorganico.com.br\/site\/deliciosas-sopas-com-ingredientes-organicos\/\" \/>\n<meta property=\"og:site_name\" content=\"Rancho Org\u00e2nico\" \/>\n<meta property=\"article:modified_time\" content=\"2021-11-01T21:38:59+00:00\" \/>\n<meta property=\"og:image\" content=\"https:\/\/ranchoorganico.com.br\/site\/wp-content\/uploads\/2021\/06\/EBOOKSopasdeinverno.jpg\" \/>\n\t<meta property=\"og:image:width\" content=\"384\" \/>\n\t<meta property=\"og:image:height\" content=\"589\" \/>\n\t<meta property=\"og:image:type\" content=\"image\/jpeg\" \/>\n<meta name=\"twitter:card\" content=\"summary_large_image\" \/>\n<script type=\"application\/ld+json\" class=\"yoast-schema-graph\">{\"@context\":\"https:\/\/schema.org\",\"@graph\":[{\"@type\":\"WebPage\",\"@id\":\"https:\/\/ranchoorganico.com.br\/site\/deliciosas-sopas-com-ingredientes-organicos\/\",\"url\":\"https:\/\/ranchoorganico.com.br\/site\/deliciosas-sopas-com-ingredientes-organicos\/\",\"name\":\"Quer aprender a fazer deliciosas sopas com ingredientes org\u00e2nicos neste inverno? - Rancho Org\u00e2nico\",\"isPartOf\":{\"@id\":\"https:\/\/ranchoorganico.com.br\/site\/#website\"},\"primaryImageOfPage\":{\"@id\":\"https:\/\/ranchoorganico.com.br\/site\/deliciosas-sopas-com-ingredientes-organicos\/#primaryimage\"},\"image\":{\"@id\":\"https:\/\/ranchoorganico.com.br\/site\/deliciosas-sopas-com-ingredientes-organicos\/#primaryimage\"},\"thumbnailUrl\":\"https:\/\/ranchoorganico.com.br\/site\/wp-content\/uploads\/2021\/06\/EBOOKSopasdeinverno.jpg\",\"datePublished\":\"2021-06-10T23:01:42+00:00\",\"dateModified\":\"2021-11-01T21:38:59+00:00\",\"inLanguage\":\"pt-BR\",\"potentialAction\":[{\"@type\":\"ReadAction\",\"target\":[\"https:\/\/ranchoorganico.com.br\/site\/deliciosas-sopas-com-ingredientes-organicos\/\"]}]},{\"@type\":\"ImageObject\",\"inLanguage\":\"pt-BR\",\"@id\":\"https:\/\/ranchoorganico.com.br\/site\/deliciosas-sopas-com-ingredientes-organicos\/#primaryimage\",\"url\":\"https:\/\/ranchoorganico.com.br\/site\/wp-content\/uploads\/2021\/06\/EBOOKSopasdeinverno.jpg\",\"contentUrl\":\"https:\/\/ranchoorganico.com.br\/site\/wp-content\/uploads\/2021\/06\/EBOOKSopasdeinverno.jpg\",\"width\":384,\"height\":589},{\"@type\":\"WebSite\",\"@id\":\"https:\/\/ranchoorganico.com.br\/site\/#website\",\"url\":\"https:\/\/ranchoorganico.com.br\/site\/\",\"name\":\"Rancho Org\u00e2nico\",\"description\":\"Por uma sociedade mais saud\u00e1vel e sustent\u00e1vel\",\"potentialAction\":[{\"@type\":\"SearchAction\",\"target\":{\"@type\":\"EntryPoint\",\"urlTemplate\":\"https:\/\/ranchoorganico.com.br\/site\/?s={search_term_string}\"},\"query-input\":{\"@type\":\"PropertyValueSpecification\",\"valueRequired\":true,\"valueName\":\"search_term_string\"}}],\"inLanguage\":\"pt-BR\"}]}<\/script>\n<!-- \/ Yoast SEO plugin. -->","yoast_head_json":{"title":"Quer aprender a fazer deliciosas sopas com ingredientes org\u00e2nicos neste inverno? - Rancho Org\u00e2nico","robots":{"index":"index","follow":"follow","max-snippet":"max-snippet:-1","max-image-preview":"max-image-preview:large","max-video-preview":"max-video-preview:-1"},"canonical":"https:\/\/ranchoorganico.com.br\/site\/deliciosas-sopas-com-ingredientes-organicos\/","og_locale":"pt_BR","og_type":"article","og_title":"Quer aprender a fazer deliciosas sopas com ingredientes org\u00e2nicos neste inverno? - Rancho Org\u00e2nico","og_description":"Quer aprender a fazer deliciosas sopas com ingredientes org\u00e2nicos neste inverno?&nbsp; &nbsp; Preencha o seu cadastro e realize agora o download do seu Ebook gratuitamente!","og_url":"https:\/\/ranchoorganico.com.br\/site\/deliciosas-sopas-com-ingredientes-organicos\/","og_site_name":"Rancho Org\u00e2nico","article_modified_time":"2021-11-01T21:38:59+00:00","og_image":[{"width":384,"height":589,"url":"https:\/\/ranchoorganico.com.br\/site\/wp-content\/uploads\/2021\/06\/EBOOKSopasdeinverno.jpg","type":"image\/jpeg"}],"twitter_card":"summary_large_image","schema":{"@context":"https:\/\/schema.org","@graph":[{"@type":"WebPage","@id":"https:\/\/ranchoorganico.com.br\/site\/deliciosas-sopas-com-ingredientes-organicos\/","url":"https:\/\/ranchoorganico.com.br\/site\/deliciosas-sopas-com-ingredientes-organicos\/","name":"Quer aprender a fazer deliciosas sopas com ingredientes org\u00e2nicos neste inverno? - Rancho Org\u00e2nico","isPartOf":{"@id":"https:\/\/ranchoorganico.com.br\/site\/#website"},"primaryImageOfPage":{"@id":"https:\/\/ranchoorganico.com.br\/site\/deliciosas-sopas-com-ingredientes-organicos\/#primaryimage"},"image":{"@id":"https:\/\/ranchoorganico.com.br\/site\/deliciosas-sopas-com-ingredientes-organicos\/#primaryimage"},"thumbnailUrl":"https:\/\/ranchoorganico.com.br\/site\/wp-content\/uploads\/2021\/06\/EBOOKSopasdeinverno.jpg","datePublished":"2021-06-10T23:01:42+00:00","dateModified":"2021-11-01T21:38:59+00:00","inLanguage":"pt-BR","potentialAction":[{"@type":"ReadAction","target":["https:\/\/ranchoorganico.com.br\/site\/deliciosas-sopas-com-ingredientes-organicos\/"]}]},{"@type":"ImageObject","inLanguage":"pt-BR","@id":"https:\/\/ranchoorganico.com.br\/site\/deliciosas-sopas-com-ingredientes-organicos\/#primaryimage","url":"https:\/\/ranchoorganico.com.br\/site\/wp-content\/uploads\/2021\/06\/EBOOKSopasdeinverno.jpg","contentUrl":"https:\/\/ranchoorganico.com.br\/site\/wp-content\/uploads\/2021\/06\/EBOOKSopasdeinverno.jpg","width":384,"height":589},{"@type":"WebSite","@id":"https:\/\/ranchoorganico.com.br\/site\/#website","url":"https:\/\/ranchoorganico.com.br\/site\/","name":"Rancho Org\u00e2nico","description":"Por uma sociedade mais saud\u00e1vel e sustent\u00e1vel","potentialAction":[{"@type":"SearchAction","target":{"@type":"EntryPoint","urlTemplate":"https:\/\/ranchoorganico.com.br\/site\/?s={search_term_string}"},"query-input":{"@type":"PropertyValueSpecification","valueRequired":true,"valueName":"search_term_string"}}],"inLanguage":"pt-BR"}]}},"_links":{"self":[{"href":"https:\/\/ranchoorganico.com.br\/site\/wp-json\/wp\/v2\/pages\/3251","targetHints":{"allow":["GET"]}}],"collection":[{"href":"https:\/\/ranchoorganico.com.br\/site\/wp-json\/wp\/v2\/pages"}],"about":[{"href":"https:\/\/ranchoorganico.com.br\/site\/wp-json\/wp\/v2\/types\/page"}],"author":[{"embeddable":true,"href":"https:\/\/ranchoorganico.com.br\/site\/wp-json\/wp\/v2\/users\/1"}],"replies":[{"embeddable":true,"href":"https:\/\/ranchoorganico.com.br\/site\/wp-json\/wp\/v2\/comments?post=3251"}],"version-history":[{"count":17,"href":"https:\/\/ranchoorganico.com.br\/site\/wp-json\/wp\/v2\/pages\/3251\/revisions"}],"predecessor-version":[{"id":3311,"href":"https:\/\/ranchoorganico.com.br\/site\/wp-json\/wp\/v2\/pages\/3251\/revisions\/3311"}],"wp:featuredmedia":[{"embeddable":true,"href":"https:\/\/ranchoorganico.com.br\/site\/wp-json\/wp\/v2\/media\/3279"}],"wp:attachment":[{"href":"https:\/\/ranchoorganico.com.br\/site\/wp-json\/wp\/v2\/media?parent=3251"}],"curies":[{"name":"wp","href":"https:\/\/api.w.org\/{rel}","templated":true}]}}